
Let w = -10 - -16. Let d = w - 4. What is the units digit of d?
2
Suppose 3*d = 10 - 1. What is the units digit of d?
3
Suppose 13 = 4*w - 27. What is the tens digit of w?
1
Suppose 3*n = -3*n + 324. What is the tens digit of n?
5
Suppose b - 10 = -b. Suppose 2*f = 3*p + 10, b*f - 5*p - 25 = -10*p. Suppose 2*i = f*i - 21. What is the units digit of i?
7
Suppose -2*a = -a - 207. What is the hundreds digit of a?
2
Suppose 31 - 3 = -2*y. Let r = y - -16. What is the units digit of r?
2
Suppose 4*g - 12 = -4*l, -19 = -5*l + 2*g - 6*g. What is the units digit of l?
7
Let p(l) = l**2 - 7. Let g be p(0). Let y = 26 + g. What is the units digit of y?
9
Let r = -2 - -5. Suppose -6 = r*s - s. What is the units digit of (s - 1/(-3))*-3?
8
Let t(a) = 2*a - a - 4*a**3 - 3*a**2 + 3*a**3. What is the units digit of t(-4)?
2
Let v(s) = s - 1. Let g be v(-1). Let z = 4 + g. What is the units digit of z?
2
Suppose -2*f + 6*f = 0, -12 = 3*j - 2*f. What is the units digit of (-1 + -3)/j*8?
8
Suppose 4*i + 3*k - 13 = 10, 3*k = 15. What is the units digit of i?
2
Suppose 5*y + 4 - 29 = 0. Suppose 0*o = y*o - 10. What is the units digit of o?
2
Let g = 170 + -121. Suppose -2*m = 13 - g. What is the tens digit of m?
1
Suppose 4*a + 2*l - 49 = 3*l, 0 = -5*a + l + 60. Suppose -5*u + 4 + a = 0. Suppose 33 = k + 4*k + 3*z, 0 = u*z + 12. What is the units digit of k?
9
Let y(h) = 14*h**2 - 3*h - 2. What is the tens digit of y(-1)?
1
Suppose 5*y - 29 = 626. What is the tens digit of y?
3
Suppose -4*o = -2*y + 2 - 22, 10 = 3*y + 2*o. Let p(x) = -7 + y*x + 5*x - 2*x + x**2. What is the units digit of p(-5)?
3
Let k = 149 - 103. What is the tens digit of k?
4
What is the tens digit of ((-34)/(-3))/((-4)/(-6))?
1
Let q(u) = -u**2 + 13*u - 19. What is the units digit of q(10)?
1
Let p(b) be the first derivative of 8*b**3/3 - b**2/2 + 1. Suppose 0 = -3*j + 7*j - 4. What is the units digit of p(j)?
7
Let z = -52 + 121. What is the units digit of z?
9
Suppose 49 = 2*h + 4*q + q, 5*h + 5*q - 145 = 0. Let z be 21/9 + 4/6. What is the units digit of z/(-1)*h/(-12)?
8
Suppose -2*b + 8 = 2*q, 0*b - 2*b + 5*q = 20. Let r be 6/2 - 1 - b. Let n(w) = w + 2. What is the units digit of n(r)?
4
Let g(w) = -w + 10. Let u be g(6). Let l = -2 + u. Suppose -4*d + l*d = -18. What is the units digit of d?
9
Let q be (-2)/5 + 96/15. Suppose -2*k + q*k - 52 = 0. What is the tens digit of k?
1
Let x be 52/(-6)*9/(-2). Let r = -22 + x. What is the tens digit of r?
1
Suppose 0 = 2*o + 1 + 3. What is the units digit of (122 + o)/3 + 2?
2
Let f be (-2)/(-5) - 78/(-5). Suppose -5*o - 2*p + 46 = 0, -o + 44 = 3*o + 4*p. Let s = f - o. What is the units digit of s?
8
Let w(y) = -y**3 + 4*y**2 + 4*y + 4. Let z be 9/(-6) + (-13)/(-2). Let m be w(z). Let t(p) = -p**3 - 2*p - 1. What is the units digit of t(m)?
2
Let n = -21 - -26. Suppose -4*z + n*l + 43 = -0*l, 0 = -z - 3*l - 2. What is the units digit of z?
7
Suppose -2*b = b + 3. Let a = b - -1. What is the units digit of 2/2*(7 + a)?
7
Let d(u) = u + 2. Let g be d(4). Suppose -2*i = -g*i + 64. What is the tens digit of i?
1
Suppose -2*w - 2*w = 0, 3 = -3*g - 5*w. Let j(y) = -29*y - 1. What is the tens digit of j(g)?
2
Suppose -2*d + 112 = -2*k, 3*d + 8*k - 3*k = 136. What is the units digit of d?
2
What is the units digit of (0 + -3)*(-3)/((-63)/(-112))?
6
Suppose -4*p + 10 = j, 0 = -j + 2*j + 3*p - 8. Suppose 14 = 2*u + 2. Suppose u*t - j*t = 12. What is the units digit of t?
3
Let t(v) = 210*v**2 - 2*v - 2. What is the hundreds digit of t(-1)?
2
Suppose -6*r + 3*r = -120. What is the tens digit of r?
4
Let d(g) = -g**2 - 8*g + 8. Let o be d(-7). Suppose -m - 4*n + 9 = 0, -4*m + 3*n = 2*n + o. Let x = 9 + m. What is the units digit of x?
6
Let d(l) = 7*l**2 - l + 3. What is the units digit of d(-3)?
9
Let w(c) = c**2 + 6*c - 5. Let y be w(-7). Suppose 104 = 6*z - y*z. Let x = z + -9. What is the tens digit of x?
1
Suppose -1 = g, 48 = f + 3*g - 45. What is the tens digit of f?
9
Let u(k) = 3*k**2 + 5*k + 6. Let g(p) = 5*p**2 + 11*p + 13. Let l(c) = 4*g(c) - 7*u(c). Let x be l(10). Suppose x = 2*o - 30 - 6. What is the units digit of o?
8
Let i(u) = 11*u - 46. What is the tens digit of i(7)?
3
Suppose -3*m = -u + 200, 3*m = -4*u + m + 828. What is the units digit of u?
6
Let i = 29 - -17. What is the tens digit of i?
4
Suppose 6 = -3*q - 15. Let w(g) = -g**3 + 3*g - 1. Let o be w(2). Let k = o - q. What is the units digit of k?
4
Suppose 4*w = 4*k + 696, 5*w + 2*k - 858 = 4*k. Suppose -z - 4*z = -w. What is the tens digit of z?
3
Let i(z) be the first derivative of -z**2 + 9*z + 10. What is the tens digit of i(-13)?
3
Let l(y) = -2*y**2 - 7*y - 9. Let p be l(-6). Let w = 65 + p. What is the units digit of w?
6
Suppose 3*m = 4*u + 64 + 52, -2*m + 84 = -u. What is the units digit of m?
4
Let q = 48 - 72. Let z = 44 + q. What is the units digit of z?
0
Let n be (-93)/15 - 3/(-15). What is the units digit of 80/15 - 4/n?
6
Suppose 0 = 4*k - 3 - 5. Suppose n - k = -n. What is the units digit of n?
1
Suppose -3*m = 0, -77 = -5*b - 4*m + 183. What is the units digit of b?
2
Suppose 4*d - 10 = 6. Suppose d*u + 9 = u. What is the units digit of 24*((-16)/6 - u)?
8
Let z(s) be the first derivative of -s**2 - 11*s + 3. Let x be z(-8). Let a = x + 2. What is the units digit of a?
7
Let s = 9 - 8. Let z = s - -3. Suppose 5*b - 1 - 14 = -5*m, z*b - 5*m = -6. What is the units digit of b?
1
Suppose 4 - 61 = -3*w. What is the units digit of w?
9
Let p(u) = -u**2 - 2*u + 1. Let x(l) = l**2 + 4*l - 2. Let r(q) = -5*p(q) - 2*x(q). Let c be r(-3). Suppose a - c = -a. What is the tens digit of a?
1
Suppose z = 6*z - 15. What is the units digit of z?
3
What is the units digit of (-712)/(-14) - 8/(-56)?
1
Let j(c) = -c**2 + 6*c + 10. Let n be j(7). Suppose 5*z - 26 = 3*i, -2 = n*i + z - 0. What is the units digit of (-5)/i - (-21)/14?
4
Let t = -3 + 3. Suppose 2*n = -i + 8, 4*i + 0*n + 4*n - 48 = t. What is the tens digit of i?
1
Suppose 34 = 3*p - 2*p. Let b be (3 + 0)/((-3)/p). What is the units digit of b/(-9) - 4/(-18)?
4
Let a = -104 - -152. What is the tens digit of a?
4
Let p = 2 - 0. Suppose p*k - 1 = 23. Suppose 4*f - k = -0*f. What is the units digit of f?
3
Let c(i) = -3*i + 3*i + 4*i + 5. What is the tens digit of c(6)?
2
Suppose -89 = -8*r + 343. What is the tens digit of r?
5
Let x(d) be the third derivative of 0*d + 0*d**3 - 1/24*d**4 + 0 - 2*d**2. What is the units digit of x(-4)?
4
Suppose -106 = -4*r + 366. What is the tens digit of r?
1
Let k = 50 - 35. Suppose l + 92 = 5*l + 3*d, 0 = -d. Let c = l - k. What is the units digit of c?
8
Let k(m) = 4*m**2 - m + 1. What is the units digit of k(2)?
5
What is the units digit of 7 + -4 - (-4 - (1 - -2))?
0
What is the tens digit of (5 + -4 - 3) + 24?
2
What is the units digit of 4/(-6) + 429/9?
7
Suppose 4*c - 3*n = 202, -2*c + n - 106 = -4*c. Let d = 74 - c. What is the tens digit of d?
2
Suppose 4*n + 0*n - 4 = 0. Let y = n - -2. What is the units digit of y?
3
Let g be 2/(-6) + (-21)/(-9). Let f = 0 + g. What is the units digit of f/((-4)/(-9))*2?
9
Let v be (-12)/(-3*1) - 2. Suppose -3*r + i = -73, -r + v*i = -15 - 6. Suppose -6*y + r = -y. What is the units digit of y?
5
Let r(t) be the third derivative of t**5/60 - t**4/24 + 5*t**3/2 - 4*t**2. What is the units digit of r(0)?
5
Let q(g) = g**3 + 15*g**2 + 14*g + 6. What is the units digit of q(-14)?
6
Let o be 3/(-9) - (-26)/6. Let b(a) = a**2 + 12*a. Let w be b(5). Suppose o*g - 6*k = -k + w, -k + 79 = 4*g. What is the units digit of g?
0
Suppose 4*u - 24 = u. Let j be 9*(-1 - u/(-6)). Suppose -8*s = -j*s - 30. What is the units digit of s?
6
Let b = -1 - -3. Suppose b*c = 3*c - 22. What is the tens digit of c?
2
Suppose 1 = -4*o + 17. Let l(h) = 3*h**2 + 7*h - 2. Let u(b) = 2*b**2 + 7*b - 3. Let p(g) = -3*l(g) + 4*u(g). What is the units digit of p(o)?
6
Let o = 5 - 5. Let c(j) = -j**3 + 4*j**2 - 2*j + 6. Let b be c(4). Let t = o - b. What is the units digit of t?
2
Let w(t) be the second derivative of -2*t + 1/3*t**3 - 1/20*t**5 + 2/3*t**4 + 0 - 6*t**2. What is the units digit of w(8)?
4
Let b = 58 - 25. What is the units digit of b + 0 - 2 - -2?
3
What is the tens digit of 68/5*(-35)/(-14)?
3
Let d(v) = 2*v**3 - v**2 - v - 1. What is the units digit of 